?
False
Is 40 a factor of 321000?
True
Does 29 divide 167773?
False
Does 12 divide 135597?
False
Is 26 a factor of 52073?
False
Is 147 a factor of 6693645?
True
Is 930105 a multiple of 99?
True
Is 949 a factor of 2065973?
True
Does 98 divide 8663645?
False
Does 10 divide 89790?
True
Does 10 divide 70225?
False
Does 22 divide 1375308?
True
Is 289 a factor of 295358?
True
Does 182 divide 1384365?
False
Is 29 a factor of 59537?
True
Does 28 divide 179480?
True
Is 4896242 a multiple of 13?
True
Does 358 divide 433852?
False
Is 103300 a multiple of 25?
True
Is 189252 a multiple of 67?
False
Does 30 divide 192420?
True
Is 8 a factor of 210472?
True
Is 9 a factor of 4636318?
False
Does 670 divide 1319468?
False
Is 55464 a multiple of 12?
True
Is 14 a factor of 44398?
False
Is 2 a factor of 23920?
True
Is 8 a factor of 1261613?
False
Does 67 divide 252121?
True
Is 10 a factor of 3526?
False
Is 551 a factor of 14477525?
True
Does 601 divide 335959?
True
Is 677423 a multiple of 27?
False
Is 8670942 a multiple of 1218?
True
Is 155 a factor of 264585?
True
Does 15 divide 4836825?
True
Does 15 divide 30840?
True
Does 14 divide 643748?
True
Does 7 divide 346826?
False
Does 19 divide 207467?
False
Does 15 divide 8260080?
True
Is 178 a factor of 3655764?
True
Is 43 a factor of 193887?
True
Is 2520070 a multiple of 49?
True
Is 924195 a multiple of 373?
False
Does 18 divide 93636?
True
Is 12 a factor of 1012752?
True
Is 149059 a multiple of 36?
False
Is 305478 a multiple of 6?
True
Is 21 a factor of 73583?
False
Does 14 divide 1647940?
True
Is 14 a factor of 334712?
True
Is 624039 a multiple of 282?
False
Is 133674 a multiple of 17?
False
Is 701 a factor of 10892839?
True
Does 1617 divide 14847294?
True
Does 18 divide 112032?
True
Is 649 a factor of 358737?
False
Is 178 a factor of 690136?
False
Is 67968 a multiple of 12?
True
Is 83 a factor of 1154185?
False
Does 88 divide 428089?
False
Is 323 a factor of 444244?
False
Does 294 divide 3071712?
True
Is 1945470 a multiple of 226?
False
Does 232 divide 3357283?
False
Is 19 a factor of 133971?
False
Is 1687599 a multiple of 171?
True
Does 42 divide 204140?
False
Does 55 divide 3067496?
False
Is 164 a factor of 3088940?
True
Does 51 divide 3211113?
True
Is 2595600 a multiple of 840?
True
Is 3962669 a multiple of 83?
True
Is 5071671 a multiple of 33?
True
Is 56 a factor of 42952?
True
Is 249208 a multiple of 105?
False
Does 1030 divide 1114460?
True
Does 52 divide 95628?
True
Is 6665832 a multiple of 36?
True
Is 269 a factor of 768802?
True
Does 15 divide 50627?
False
Is 1880808 a multiple of 38?
False
Does 16 divide 1632?
True
Does 205 divide 579369?
False
Is 478434 a multiple of 659?
True
Is 16049148 a multiple of 278?
False
Is 473746 a multiple of 266?
True
Is 9481 a multiple of 16?
False
Is 26 a factor of 11387792?
True
Does 26 divide 15642692?
True
Does 200 divide 1291085?
False
Does 34 divide 464605?
False
Does 287 divide 296991?
False
Is 59 a factor of 147727?
False
Is 2215584 a multiple of 18?
True
Is 128 a factor of 89365?
False
Is 9010794 a multiple of 33?
False
Is 13 a factor of 712647?
True
Does 590 divide 3516990?
True
Does 28 divide 53107?
False
Is 17476 a multiple of 53?
False
Is 59463 a multiple of 195?
False
Is 13 a factor of 5584629?
False
Is 3126295 a multiple of 13?
False
Does 13 divide 1809023?
False
Is 222 a factor of 1643910?
True
Is 24726 a multiple of 78?
True
Does 64 divide 1587264?
True
Is 20 a factor of 3198565?
False
Is 9 a factor of 2322623?
False
Is 21 a factor of 6825?
True
Does 253 divide 313661?
False
Does 10 divide 6838820?
True
Does 28 divide 234976?
True
Is 36 a factor of 6233?
False
Does 30 divide 71581?
False
Is 59484 a multiple of 97?
False
Is 822645 a multiple of 181?
True
Is 7 a factor of 7435?
False
Is 2542936 a multiple of 407?
True
Is 28 a factor of 2443476?
True
Does 13 divide 1419990?
True
Does 90 divide 307620?
True
Is 14981 a multiple of 5?
False
Is 774 a factor of 534010?
False
Is 719173 a multiple of 187?
False
Is 840248 a multiple of 7?
False
Is 1301519 a multiple of 111?
False
Is 1324 a factor of 4109600?
False
Is 479 a factor of 116649?
False
Is 2354135 a multiple of 74?
False
Is 1226452 a multiple of 26?
False
Is 629 a factor of 711215?
False
Is 71 a factor of 289609?
True
Does 56 divide 465528?
True
Is 358 a factor of 1174127?
False
Does 8 divide 40688?
True
Is 36 a factor of 41814?
False
Is 9 a factor of 584577?
True
Is 194 a factor of 1706576?
False
Is 2 a factor of 44945?
False
Does 32 divide 5885472?
True
Is 35 a factor of 610085?
True
Is 380753 a multiple of 3?
False
Does 191 divide 8690167?
False
Is 63 a factor of 390285?
True
Is 5444338 a multiple of 522?
False
Is 4 a factor of 156238?
False
Does 11 divide 74998?
True
Is 121891 a multiple of 9?
False
Is 104457 a multiple of 5?
False
Is 93 a factor of 3562632?
False
Is 93 a factor of 555768?
True
Does 6 divide 2477298?
True
Is 17 a factor of 169507?
True
Does 49 divide 1374401?
True
Is 340 a factor of 872146?
False
Is 334639 a multiple of 163?
True
Does 12 divide 43440?
True
Is 1434780 a multiple of 108?
True
Is 86 a factor of 109392?
True
Is 256224 a multiple of 157?
True
Is 72318 a multiple of 18?
False
Is 366387 a multiple of 21?
True
Is 2223342 a multiple of 594?
True
Is 143 a factor of 3825374?
False
Is 10 a factor of 352990?
True
Is 36 a factor of 2165371?
False
Does 16 divide 513552?
True
Does 39 divide 209251?
False
Is 101869 a multiple of 2?
False
Is 80951 a multiple of 48?
False
Is 3630 a multiple of 165?
True
Is 495626 a multiple of 126?
False
Does 7 divide 917332?
False
Does 213 divide 189273?
False
Is 239020 a multiple of 19?
True
Is 298 a factor of 364243?
False
Does 784 divide 2731610?
False
Is 22304 a multiple of 41?
True
Is 2659905 a multiple of 183?
True
Is 11 a factor of 529260?
False
Is 273 a factor of 1387932?
True
Does 16 divide 241277?
False
Is 221181 a multiple of 8?
False
Is 3 a factor of 2156375?
False
Is 317343 a multiple of 6?
False
Is 92 a factor of 9200644?
True
Is 5 a factor of 5032132?
False
Does 122 divide 4246942?
True
Does 97 divide 1539816?
False
Is 2442852 a multiple of 12?
True
Is 2235875 a multiple of 468?
False
Is 9 a factor of 640746?
True
Is 582 a factor of 307296?
True
Is 1177136 a multiple of 149?
False
Is 89378 a multiple of 46?
True
Does 259 divide 195276?
False
Does 288 divide 193536?
True
Does 3 divide 41373?
True
Is 48 a factor of 10166743?
False
Does 45 divide 17781675?
False
Is 204 a factor of 2150772?
True
Is 25380 a multiple of 10?
True
Is 73178 a multiple of 29?
False
Does 3 divide 242529?
True
Is 43521 a multiple of 47?
False
Does 65 divide 162266?
False
Does 308 divide 171864?
True
Is 42456 a multiple of 24?
True
Is 929149 a multiple of 241?
False
Is 153 a factor of 2324343?
False
Is 177714 a multiple of 34?
False
Is 11 a factor of 410612?
False
Does 203 divide 862530?
False
Does 6 divide 185186?
False
Is 107 a factor of 98051?
False
Does 63 divide 1603413?
True
Is 124 a factor of 18600?
True
Is 110 a factor of 1231230?
True
Is 453356 a multiple of 59?
True
Is 197 a factor of 5247357?
False
Is 21650 a multiple of 50?
True
Does 18 divide 1150439?
False
Is 120 a factor of 664320?
True
Does 65 divide 18186825?
False
Is 20 a factor of 17400?
True
Is 599411 a multiple of 8?
False
Is 186 a factor of 5861418?
True
Is 861240 a multiple of 40?
True
Is 381 a factor of 248793?
True
Is 1267 a factor of 32568235?
True
Is 175 a factor of 6650?
True
Is 1273 a factor of 10228555?
True
Is 410 a factor of 287820?
True
Is 146 a factor of 480340?
True
Does 114 divide 257588?
False
Is 7 a factor of 107349?
False
Is 8903895 a multiple of 105?
True
Is 2359314 a multiple of 27?
True
Is 908116 a multiple of 44?
True
Is 559242 a multiple of 8?
False
Is 191652 a multiple of 16?
False
Is 12 a factor of 120547?
False
Is 148 a factor of 25005?
False
Is 2 a factor of 59897?
False
Is 8 a factor of 125235?
False
Is 256438 a multiple of 14?
True
Does 51 divide 237120?
False
Is 544 a factor of 4118624?
True
Is 266 a factor of 251370?
True
Does 75 divide 73794?
False
Is 28066346 a multiple of 217?
True
Is 9 a factor of 172899?
True
Does 189 divide 110307?
False
Is 75 a factor of 367407?
False
Does 463 divide 678349?
False
Is 174 a factor of 7722425?
False
Is 4639800 a multiple of 